{"id":234,"date":"2023-07-21T07:40:41","date_gmt":"2023-07-21T07:40:41","guid":{"rendered":"https:\/\/am-rad-haus.de\/?page_id=234"},"modified":"2024-04-30T09:48:58","modified_gmt":"2024-04-30T09:48:58","slug":"agb","status":"publish","type":"page","link":"https:\/\/am-rad-haus.de\/?page_id=234","title":{"rendered":"AGB"},"content":{"rendered":"\n<p><strong>Allgemeine Gesch\u00e4ftsbedingungen \/ AGB<\/strong><\/p>\n\n\n\n<p><strong>Am Rad-Haus GmbH<br>B\u00fcrgermeisterstra\u00dfe 5<br>16321 Bernau<\/strong><\/p>\n\n\n\n<p><strong>Allgemeine Gesch\u00e4ftsbedingungen&nbsp;&nbsp;&nbsp;&nbsp;<\/strong><\/p>\n\n\n\n<p><strong>\u00a7 1 Geltungsbereich \u2013 Vertragsgegenstand<br><\/strong><br>Unsere AGB gelten f\u00fcr Lieferung und \u00dcbergabe von beweglichen Sachen nach Ma\u00dfgabe des zwischen uns und dem Kunden geschlossenen Vertrages. Unsere AGB gelten ausschlie\u00dflich. Entgegenstehende oder von unseren AGB abweichende Bedingungen des Kunden erkennen wir nicht an, es sei denn, wir h\u00e4tten ausdr\u00fccklich schriftlich ihrer Geltung zugestimmt. Unsere AGB gelten auch dann, wenn wir in Kenntnis entgegenstehender oder von unseren Gesch\u00e4ftsbedingungen abweichender Bedingungen des Kunden die Lieferung vorbehaltlos ausf\u00fchren.<\/p>\n\n\n\n<p><strong>\u00a7 2 Angebot \u2013 Vertragsschluss \u2013 Angebotsunterlagen<br><\/strong><br>Der Kaufvertrag ist geschlossen, wenn der Verk\u00e4ufer die Bestellung des n\u00e4her bezeichneten Kaufgegenstands best\u00e4tigt hat oder die Lieferung ausgef\u00fchrt ist. Die Bestellung des Kunden stellt ein bindendes Angebot dar, das wir innerhalb 14 Tagen durch Zusendung einer Auftragsbest\u00e4tigung oder durch Lieferung der Ware annehmen k\u00f6nnen. Vorher abgegebene Angebote durch uns sind freibleibend.<br><br>Lieferfristen und Zwischenverkauf behalten wir uns vor. Angebote gelten, solange der Vorrat reicht. An Abbildungen, Zeichnungen, Kalkulationen und sonstigen Unterlagen behalten wir uns Eigentums- und Urheberrechte vor. Dies gilt auch f\u00fcr solche schriftlichen Unterlagen, die als \u201evertraulich\u201c bezeichnet sind. Vor ihrer Weitergabe an Dritte bedarf der Kunde unserer ausdr\u00fccklichen schriftlichen Zustimmung.<\/p>\n\n\n\n<p><strong>\u00a7 3 Preise und Zahlungsbedingungen<br><\/strong><br>Der angebotene Kaufpreis ist bindend und versteht sich ohne Skonto und sonstige Nachl\u00e4sse inklusive der gesetzlichen Umsatzsteuer. Der Kaufpreis und der Preis f\u00fcr die zus\u00e4tzlichen Leistungen sind bei der \u00dcbergabe des Kaufgegenstandes bzw. der zus\u00e4tzlichen Leistungen f\u00e4llig. Ist der Kunde Unternehmer, geben wir lediglich den Nettopreis an. Die gesetzliche Umsatzsteuer ist somit nicht in unseren Preisen eingeschlossen. Sie wird in gesetzlicher H\u00f6he am Tag der Rechnungsstellung in der Rechnung gesondert ausgewiesen.<br><br>Ist der Kunde Verbraucher, sind Preis\u00e4nderungen zul\u00e4ssig, wenn zwischen Vertragsabschluss und vereinbartem Liefertermin mehr als vier Monate liegen. \u00c4ndern sich danach bis zur Lieferung die L\u00f6hne oder die Materialkosten, so sind wir berechtigt, den Preis angemessen entsprechend den Kostensteigerungen oder den Kostensenkungen zu \u00e4ndern. Der Kunde ist zum R\u00fccktritt nur berechtigt, wenn eine Preiserh\u00f6hung den Anstieg der allgemeinen Lebenshaltungskosten zwischen Bestellung und Auslieferung nicht nur unerheblich \u00fcbersteigt.<br><br>Ist Teilzahlung vereinbart worden und kommt der K\u00e4ufer mit mindestens zwei aufeinander folgenden Raten ganz oder teilweise in Verzug und betr\u00e4gt dieser Betrag mindestens 10% des Teilzahlungspreises, so kann der Verk\u00e4ufer, nachdem er eine 14-t\u00e4gige Nachfrist gestellt hat, wahlweise den gesamten restlichen Kaufpreis verlangen oder vom Vertrag zur\u00fccktreten.<br><br><strong>Bei Nichtabnahme eines, laut Kaufvertrag gestellten Kaufgegenstandes hat der Verk\u00e4ufer das Recht, Schadenersatz zu verlangen in H\u00f6he von 30% des Kaufpreises, es sei denn, der Kunde weist nach, dass der Schaden niedriger oder gar nicht entstanden ist.<\/strong><br><br>Der\u00a0Verk\u00e4ufer ist\u00a0berechtigt, die Annahme eines Reparaturauftrages bis in die H\u00f6he des Kostenvoranschlages abh\u00e4ngig zu machen. Preis\u00e4nderungen, Irrt\u00fcmer, Druckfehler bzw. Schreibfehler vorbehalten. Aufrechnungsrechte stehen dem Kunden nur zu, wenn seine Gegenanspr\u00fcche rechtskr\u00e4ftig festgestellt, unbestritten oder von uns anerkannt sind. Ist der Kunde Unternehmer, ist er zur Aus\u00fcbung eines Zur\u00fcckbehaltungsrechts nur befugt, wenn sein Gegenanspruch auf dem gleichen Vertragsverh\u00e4ltnis beruht.<\/p>\n\n\n\n<p><strong>\u00a7 4 Leistungszeit \u2013 Gefahr\u00fcbergang<\/strong><br><br>Sind von uns Lieferfristen angegeben und zur Grundlage f\u00fcr die Auftragserteilung gemacht worden, verl\u00e4ngern sich solche Fristen bei Streik und F\u00e4llen h\u00f6herer Gewalt, und zwar f\u00fcr die Dauer der Verz\u00f6gerung. Das Gleiche gilt, wenn der Kunde etwaige Mitwirkungspflichten nicht erf\u00fcllt. Anspr\u00fcche des K\u00e4ufers aus verz\u00f6gerter Lieferung k\u00f6nnen nicht erhoben werden. Konstruktions- oder Form\u00e4nderungen bzw. Abweichungen im Farbton sowie \u00c4nderung des Lieferumfanges seitens des Herstellers\/Importeurs bleiben w\u00e4hrend der Lieferzeit vorbehalten, sofern der Kaufgegenstand nicht erheblich abge\u00e4ndert wird und die \u00c4nderung f\u00fcr den Kunden zumutbar ist.<\/p>\n\n\n\n<p><strong>\u00a7 5 Eigentumsvorbehalt<br><\/strong><br>Der Kaufgegenstand bleibt bis zur vollst\u00e4ndigen Bezahlung der Kaufsumme im Eigentum des Verk\u00e4ufers. W\u00e4hrend der Dauer des Eigentumsvorbehaltes ist der K\u00e4ufer zum Besitz und Gebrauch des Kaufgegenstandes berechtigt. Der K\u00e4ufer ist verpflichtet, w\u00e4hrend dieser Zeit den Kaufgegenstand in einem ordnungsgem\u00e4\u00dfen Zustand zu halten und alle vom Hersteller\/Importeur vorgesehenen Wartungsarbeiten und erforderlichen Instandsetzungen unverz\u00fcglich auf seine Kosten vom Verk\u00e4ufer oder einer vom Hersteller\/Importeur autorisierten Werkstatt durchf\u00fchren zulassen. Kommt er diesen Verpflichtungen nicht nach oder ger\u00e4t er in Zahlungsverzug (\u00a73) hat der Verk\u00e4ufer das Recht, vom Vertrag zur\u00fcckzutreten. Hat der Verk\u00e4ufer den R\u00fccktritt erkl\u00e4rt, so hat der K\u00e4ufer den Gegenstand herauszugeben, die von Ihm verursachten Sch\u00e4den zu ersetzen, Ersatz f\u00fcr die Benutzung des Gegenstandes zu leisten und dem Verk\u00e4ufer alle Aufwendungen zu ersetzen, die dieser im Zusammenhang mit der Abwicklung des Kaufvertrages hatte bzw. hat. Der Verk\u00e4ufer hat das Recht, seine Forderungen mit dem bereits bezahlten Kaufpreis zu verrechnen.<br><br>\u00dcber Zwangsvollstreckungsma\u00dfnahmen Dritter in die Vorbehaltsware hat uns der Kunde unverz\u00fcglich unter \u00dcbergabe der f\u00fcr eine Intervention notwendigen Unterlagen zu unterrichten; dies gilt auch f\u00fcr Beeintr\u00e4chtigungen sonstiger Art. Unabh\u00e4ngig davon hat der Kunde bereits im Vorhinein die Dritten auf die an der Ware bestehenden Rechte hinzuweisen. Ist der Kunde Unternehmer, hat er unsere Kosten einer Intervention zu tragen, soweit der Dritte nicht in der Lage ist, diese zu erstatten.<\/p>\n\n\n\n<p><strong>\u00a7 6 Haftung f\u00fcr M\u00e4ngel<br><\/strong><br>Ist der Kunde Verbraucher, haften wir bei Vorliegen eines Mangels nach den gesetzlichen Vorschriften, soweit sich aus dem Nachfolgenden keine Einschr\u00e4nkungen ergeben. Der Verbraucher hat offensichtliche M\u00e4ngel uns gegen\u00fcber innerhalb von zwei Wochen nach Auftreten des Mangels schriftlich anzuzeigen. Erfolgt die Anzeige nicht innerhalb der vorgenannten Frist, erl\u00f6schen die Gew\u00e4hrleistungsrechte. Das gilt nicht, wenn wir den Mangel arglistig verschwiegen oder eine Garantie f\u00fcr die Beschaffenheit der Sache \u00fcbernommen haben. Bei Vorliegen eines Mangels behalten wir uns die Wahl der Art der Nacherf\u00fcllung vor.<br><br>Ist der Kunde Verbraucher, betr\u00e4gt die Verj\u00e4hrungsfrist f\u00fcr M\u00e4ngelanspr\u00fcche bei der Lieferung neuer Sachen zwei Jahre, bei Lieferung gebrauchter Sachen ein Jahr. Die Frist beginnt mit Gefahren\u00fcbergang. Dies gilt nicht, soweit es sich um Schadensersatzanspr\u00fcche wegen M\u00e4ngeln handelt. F\u00fcr Schadensersatzanspr\u00fcche wegen eines Mangels gilt \u00a7 6.<br><br>Garantien im Rechtssinne erh\u00e4lt der Kunde durch uns nicht, es sei denn, dass der Hersteller\/Importeur diese ausdr\u00fccklich zusichert. Tritt nach Ablauf der gesetzlichen Gew\u00e4hrleistungspflicht ein Fehler an einem Teil auf, f\u00fcr das der Hersteller\/Importeur die Gew\u00e4hrleistung verl\u00e4ngert hat, hat der Kunde nur Anspruch auf den Austausch des betreffenden Teiles, nicht aber auf \u00dcbernahme der Montagekosten. Der Anspruch auf Gew\u00e4hrleistung besteht nicht, wenn der aufgetretene Fehler in urs\u00e4chlichem Zusammenhang damit steht, dass der K\u00e4ufer einen offenkundigen Fehler nicht unverz\u00fcglich angezeigt hat, dass der Kaufgegenstand unsachgem\u00e4\u00df bzw. nicht den \u00fcblichen Regeln des Gebrauchs bestimmt wurde, dass der Kaufgegenstand in einer nicht vom Hersteller genehmigten Art ver\u00e4ndert wurde oder dass der K\u00e4ufer die Vorschriften \u00fcber die Behandlung, Wartung und Pflege des Kaufgegenstandes nicht befolgt hat. Nat\u00fcrlicher Verschlei\u00df ist von der Gew\u00e4hrleistung ausgeschlossen.<\/p>\n\n\n\n<p><strong>\u00a7 7 Haftung f\u00fcr Sch\u00e4den<br><br><\/strong>Soweit gesetzlich zul\u00e4ssig, haftet der Verk\u00e4ufer nur f\u00fcr Sch\u00e4den, die er oder seine Betriebsangeh\u00f6rigen oder Erf\u00fcllungsgehilfen dem K\u00e4ufer vors\u00e4tzlich oder grob fahrl\u00e4ssig zugef\u00fcgt hat. Soweit der Verk\u00e4ufer f\u00fcr Sch\u00e4den haftet, die bei Reparaturarbeiten am Kaufgegenstand entstanden sind, ist seine Ersatzpflicht auf die kostenlose Instandsetzung beschr\u00e4nkt. Der Verk\u00e4ufer ist verpflichtet dem K\u00e4ufer derartige Sch\u00e4den unverz\u00fcglich schriftlich anzuzeigen.<\/p>\n\n\n\n<p><strong>\u00a7 8 Kauf und Reparatur<br><\/strong><br>Verlangt der K\u00e4ufer die Erstellung eines Kostenvoranschlages hat er den daf\u00fcr erforderlichen Aufwand zu bezahlen, sofern nicht etwas anderes ausdr\u00fccklich vereinbart worden ist. Der Verk\u00e4ufer ist an seinen Kostenvoranschlag bis zum Ablauf von 2 Wochen nach seiner Abgabe gebunden. Stellt sich bei der Durchf\u00fchrung der Reparatur heraus, dass weitere Arbeiten und\/oder Fremdleistungen und\/oder weiterer Materialeinsatz notwendig sind, so gilt der Auftrag hierf\u00fcr erteilt, wenn der Aufwand nicht h\u00f6her als 15% des Aufwandes gem\u00e4\u00df Kostenvoranschlag ist und der Auftraggeber nicht ausdr\u00fccklich widersprochen hat. Der K\u00e4ufer\/Kunde hat den Kaufgegenstand\/Reparaturgegenstand zum vereinbarten Termin anzunehmen. Kommt der K\u00e4ufer dieser Verpflichtung nicht innerhalb einer Woche nach, ist der Verk\u00e4ufer berechtigt, die orts\u00fcblichen Aufbewahrungsgeb\u00fchr zu verlangen oder den betreffenden Gegenstand zu Lasten des K\u00e4ufers\/Kunden verwahren zu lassen.<br><br>Die Herausgabe eines Kaufgegenstandes bzw. Reparaturgegenstandes erfolgt grunds\u00e4tzlich nur gegen Barzahlung, soweit eine Rechnungslegung nicht ausdr\u00fccklich vereinbart worden ist.<\/p>\n\n\n\n<p><strong>\u00a7 9 R\u00fccknahme \/ Umtausch<br><\/strong><br>R\u00fccknahme oder Umtausch eines bei uns erworbenen Kaufgegenstandes ist eine Kulanzleistung und erfolgt nur im originalverpackten Zustand des Kaufgegenstandes durch Umtausch, Erwerb eines anderen Kaufgegenstandes aus unserem Sortiment oder gegen R\u00fccknahme gegen einen Warengutschein in H\u00f6he des Kaufpreises gegen Vorlage einer Quittung\/Kassenbons.<br><br>Baulich ver\u00e4nderte Kaufgegenst\u00e4nde sowie Sonderangebote sind grunds\u00e4tzlich vom Umtausch\/R\u00fccknahme ausgeschlossen.<\/p>\n\n\n\n<p><strong>\u00a7 10 Verj\u00e4hrung eigener Anspr\u00fcche<br><\/strong><br>Unsere Anspr\u00fcche auf Zahlung verj\u00e4hren abweichend von \u00a7 195 BGB in f\u00fcnf Jahren. Bez\u00fcglich des Beginns der Verj\u00e4hrungsfrist gilt \u00a7 199 BGB.<\/p>\n\n\n\n<p><strong>\u00a7 11 Form von Erkl\u00e4rungen<br><\/strong><br>Rechtserhebliche Erkl\u00e4rungen und Anzeigen, die der Kunde gegen\u00fcber uns oder einem Dritten abzugeben hat, bed\u00fcrfen der Schriftform.<\/p>\n\n\n\n<p><strong>\u00a7 12 Erf\u00fcllungsort \u2013 Rechtswahl \u2013 Gerichtsstand<br><\/strong><br>Soweit sich aus dem Vertrag nichts anderes ergibt, ist Erf\u00fcllungs- und Zahlungsort unser Gesch\u00e4ftssitz in Bernau bei Berlin. F\u00fcr diesen Vertrag gilt das Recht der Bundesrepublik Deutschland; die Geltung des UN-Kaufrechts ist ausgeschlossen.<br><br>Ausschlie\u00dflicher Gerichtsstand ist bei Vertr\u00e4gen mit Kaufleuten, juristischen Personen des \u00f6ffentlichen Rechts oder \u00f6ffentlich-rechtlichen Sonderverm\u00f6gen das f\u00fcr unseren Gesch\u00e4ftssitz zust\u00e4ndige Gericht.&nbsp;&nbsp;<\/p>\n\n\n\n<p><strong>\u00a7 13 Erhaltungsklausel<br><\/strong><br>Die vollst\u00e4ndige oder Teilnichtigkeit einer oder mehrerer Klauseln der AGB l\u00e4sst die Wirksamkeit der \u00fcbrigen AGB unber\u00fchrt.<\/p>\n","protected":false},"excerpt":{"rendered":"<p>Allgemeine Gesch\u00e4ftsbedingungen \/ AGB Am Rad-Haus GmbHB\u00fcrgermeisterstra\u00dfe 516321 Bernau Allgemeine Gesch\u00e4ftsbedingungen&nbsp;&nbsp;&nbsp;&nbsp; \u00a7 1 Geltungsbereich \u2013 VertragsgegenstandUnsere AGB gelten f\u00fcr Lieferung und \u00dcbergabe von beweglichen Sachen nach Ma\u00dfgabe des zwischen uns und dem Kunden geschlossenen Vertrages. Unsere AGB gelten ausschlie\u00dflich. Entgegenstehende oder von unseren AGB abweichende Bedingungen des Kunden erkennen wir nicht an, es sei denn, [&hellip;]<\/p>\n","protected":false},"author":1,"featured_media":0,"parent":0,"menu_order":0,"comment_status":"closed","ping_status":"closed","template":"","meta":{"footnotes":""},"class_list":["post-234","page","type-page","status-publish","hentry"],"_links":{"self":[{"href":"https:\/\/am-rad-haus.de\/index.php?rest_route=\/wp\/v2\/pages\/234","targetHints":{"allow":["GET"]}}],"collection":[{"href":"https:\/\/am-rad-haus.de\/index.php?rest_route=\/wp\/v2\/pages"}],"about":[{"href":"https:\/\/am-rad-haus.de\/index.php?rest_route=\/wp\/v2\/types\/page"}],"author":[{"embeddable":true,"href":"https:\/\/am-rad-haus.de\/index.php?rest_route=\/wp\/v2\/users\/1"}],"replies":[{"embeddable":true,"href":"https:\/\/am-rad-haus.de\/index.php?rest_route=%2Fwp%2Fv2%2Fcomments&post=234"}],"version-history":[{"count":4,"href":"https:\/\/am-rad-haus.de\/index.php?rest_route=\/wp\/v2\/pages\/234\/revisions"}],"predecessor-version":[{"id":774,"href":"https:\/\/am-rad-haus.de\/index.php?rest_route=\/wp\/v2\/pages\/234\/revisions\/774"}],"wp:attachment":[{"href":"https:\/\/am-rad-haus.de\/index.php?rest_route=%2Fwp%2Fv2%2Fmedia&parent=234"}],"curies":[{"name":"wp","href":"https:\/\/api.w.org\/{rel}","templated":true}]}}